24884/1182. Let q = 862 + v. What is the remainder when q is divided by d(2)?
13
Suppose 0 = -20*m + 12*m + 1544. Suppose m*f + 105 = 198*f. What is the remainder when f is divided by 11?
10
What is the remainder when ((-41580)/264)/((-3)/8) is divided by 124?
48
Let l(x) = -21*x + 169. Let k(c) = 24*c - 169. Let v(q) = -3*k(q) - 4*l(q). What is the remainder when 94 is divided by v(15)?
6
Let y(o) = -o**3 + 32*o**2 - 81*o - 52. Let v be y(29). Let g = v - -21. Calculate the remainder when g is divided by 59.
25
Let g(m) = -88*m**3 + 7*m**2 - 4*m - 8. What is the remainder when 1040 is divided by g(-1)?
39
Let f = -1953 - -1969. Calculate the remainder when 257 + (-15)/(6 + -1) is divided by f.
14
Calculate the remainder when 4678 is divided by (-92)/(-207)*-9 + (13 - (-3 + 2)).
8
Let k(d) = 9*d**3 + 6*d**2 - 46*d + 44. Calculate the remainder when 1027 is divided by k(1).
0
Let n = 3650 - 3229. Calculate the remainder when n is divided by 92.
53
Suppose -w + 6*w - 723 = 3*u, 139 = w + 5*u. Let x = -371578 - -371597. Calculate the remainder when w is divided by x.
11
Let l = -79 + 84. Suppose -l*i + 60 = -5*x, -5*i - 5*x + 36 = -2*x. Let v(f) = -12*f + 2. What is the remainder when v(-1) is divided by i?
5
Let c(p) = -p**3 - 24*p**2 - 81*p + 6. Calculate the remainder when 386 is divided by c(-20).
22
Suppose -y + j = -285, 32*y + 5*j + 297 = 33*y. Calculate the remainder when y is divided by 57.
54
Suppose 5*l - m - 383 = 0, -113*l + 115*l - 5*m - 167 = 0. What is the remainder when 550 is divided by l?
18
Calculate the remainder when 729 is divided by (-21)/((-1428)/9911) - 3/4.
4
Let r = 6705 + -6553. Calculate the remainder when 597 is divided by r.
141
Suppose -590 = -101*w + 218. Suppose -n - 2*p + 35 = 0, -4*p - 58 = -4*n + 106. What is the remainder when n is divided by w?
7
Suppose -5*g = -15, 3*g = 5*m - 0*m - 36. Calculate the remainder when 2720 is divided by m.
2
Suppose -5*h = 2*s - 168, -315 = -38*s + 35*s + 3*h. What is the remainder when 12374 is divided by s?
98
Suppose 20*a - 1044 = -0*a - 16*a. What is the remainder when 15/(-3 + 66/21) is divided by a?
18
Let f(b) = -b**2 - 72*b - 479. What is the remainder when 6137 is divided by f(-8)?
32
Let c = 9 - 5. Suppose -v = 5*a - 21, 4*v + 0*v + 36 = 4*a. Suppose 4*d - 3*q = 3*d + 9, 0 = -3*d + a*q + 19. Calculate the remainder when c is divided by d.
1
Let r be (-1)/(-9)*-3 - (-614)/6. Let z = 11 + r. Suppose k + y = 21, 5*k - 2*y = y + z. Calculate the remainder when 81 is divided by k.
15
Let w(j) = -53*j + 1633. Calculate the remainder when w(-32) is divided by 101.
97
Let q be (3 - -327)*(-4)/(-24)*-3. Let d = 284 + q. Let y = d - 90. What is the remainder when y is divided by 15?
14
Suppose 4*r + 5*c = 53, 2*r + c = -c + 24. Suppose 33 = 10*k - r*k. Calculate the remainder when -15*(-6 + 3)/3 is divided by k.
4
Suppose -10*q = a - 6*q + 4, q = -1. Suppose -3*d = -k - 1048, 0*d - 4*d + k + 1398 = a. What is the remainder when d is divided by 9?
8
Let c(s) = s**2 + 8*s - 4. Suppose 19*l + 40 = 27*l. Calculate the remainder when 242 is divided by c(l).
59
Calculate the remainder when 277 is divided by (-29)/(1914/(-44))*534/4.
10
Suppose 55*z - 52*z - 6555 = -92*z. What is the remainder when 125 is divided by z?
56
Let n(a) = 2*a**3 - 157*a**2 + 566*a - 153. What is the remainder when n(75) is divided by 48?
42
Let c = 300 - 251. Suppose 5*j + 87 = 4*i - i, -i - 5*j + c = 0. Calculate the remainder when 129 is divided by i.
27
Let u = 7956 - 6338. What is the remainder when u is divided by 12?
10
Suppose 3*i = 5*l - 138, -176*i + 174*i - 84 = -3*l. Calculate the remainder when 68 is divided by l.
20
Let z = 10883 + -9359. Calculate the remainder when z is divided by 13.
3
Let h be -47 + 8*7/56. Let d(t) = -8*t - 331. Calculate the remainder when d(h) is divided by 19.
18
Suppose -5*j - 4*h + 60 = -6*j, -3*h + 368 = -5*j. Let w = j - -87. What is the remainder when 94 is divided by w?
6
Suppose 213*w = 337*w - 208816. What is the remainder when w is divided by 559?
7
Let s = -9 - -39. Calculate the remainder when s is divided by 14/4*33/(-1155)*-110.
8
Let d = 33373 - 30316. What is the remainder when d is divided by 16?
1
Let y = 18 + -12. Let c be (2 + (-20)/y)*-12. What is the remainder when c/(-64) + (-186)/(-8) - 2 is divided by 8?
5
Let n = 98 + -94. Suppose 13 = s + 4*l, 3*s = -s - n*l + 40. What is the remainder when 21 is divided by s?
3
Let p be ((-2528)/14)/1 + 636/1113. Let b = 41 - -13. What is the remainder when b is divided by p/(-13) - 22/(-143)?
12
Let d = 2272 - 2121. What is the remainder when 162 is divided by d?
11
Suppose -38 = -4*m + 2*f, 5*m - 57*f - 50 = -54*f. What is the remainder when 587 is divided by m?
6
Suppose 0 = -3*h + 26*h - 4*k - 21716, -h + 2*k = -946. What is the remainder when h is divided by 17?
9
Suppose -51 = -t - l + 20, -t - 3*l + 81 = 0. Calculate the remainder when t is divided by 14.
10
Let t = -1064 - -1067. Let x(o) = o**2 + 2*o + 1. Let p be x(2). Suppose 5*r - 15 = 5*n, -4*r = 3*n - t - p. What is the remainder when 11 is divided by r?
2
Let m(r) = 2*r**2 + 93*r - 154. Let k be m(-48). What is the remainder when (-4 - (-174)/(-12))*k is divided by 31?
30
Let x = 43 + -9. Let f(j) = 153*j + 163. Calculate the remainder when x is divided by f(-1).
4
Let r = -374 + 474. Calculate the remainder when r is divided by -3 + 0 + 6 + -4 - -52.
49
Let a(v) = 7*v**2 + 2*v + 3. Suppose -29*c = -10*c + 95. Calculate the remainder when a(c) is divided by 58.
52
Let n = 251 - 239. Calculate the remainder when 10857 is divided by n.
9
Let n = 891 + -888. Suppose y - z = 93, -36*z = -n*y - 39*z + 273. What is the remainder when 360 is divided by y?
84
Suppose -h = 12 - 6. Let a = 9 - h. Calculate the remainder when 149 is divided by a.
14
Let g be (200/(-80))/((-1)/(-2)). What is the remainder when (-425)/(-9)*3*(-6)/g is divided by (-171)/(-6)*(0 + 2)?
56
Let y(p) = -5*p. Let i(o) = 45*o + 1. Let s(z) = -i(z) - 6*y(z). Calculate the remainder when 99 is divided by s(-2).
12
Suppose -2*t + 1 = o - 17, o - 21 = -3*t. Suppose -5*y + 4*y = 4*i + 62, 3*i + 3*y = -51. Let g = o - i. Calculate the remainder when g is divided by 10.
7
Suppose -45*j = -2245 + 40. Let v(n) = -n**2 + 29*n - 150. Calculate the remainder when j is divided by v(10).
9
Let m(f) = f**3 - 7*f**2 + 15. Let q be m(7). Let r(o) = 104*o**2 - o. What is the remainder when r(-1) is divided by (-54)/q*(-60)/8?
24
Let p = 60 - 38. Let n be (-4 - -58) + -4 - 9. Suppose -2*l - 58 = -4*l - 4*d, n = l - d. Calculate the remainder when l is divided by p.
15
Let z = 1944 - 1937. Suppose 4*q - 47 - 221 = 0. Suppose 0 = 5*a + 2*x - q - 92, 3*a = x + 91. Calculate the remainder when a is divided by z.
3
Let i(y) = 59*y**2 - 92*y + 14. Calculate the remainder when 279 is divided by i(2).
15
Let z(i) = 2567*i - 1533. What is the remainder when z(1) is divided by 207?
206
Let k(i) = -14*i + 2. Let v be k(-6). Let d = v + -23. What is the remainder when d is divided by 23?
17
Let y = -1093 - -1129. Calculate the remainder when 996 is divided by y.
24
Suppose 4*n - 1144 = q, -3*n + 448 + 405 = -2*q. Calculate the remainder when n is divided by 137.
13
Let d = 16908 + -15952. What is the remainder when d is divided by 17?
4
Let n(d) = -d**3 + 11*d**2 - 6*d - 2. Let x = -7026 + 7056. What is the remainder when n(8) is divided by x?
22
Let l = -365 - -662. Let o = 339 - l. What is the remainder when o is divided by 33?
9
Let n(z) = -9*z - 55. Suppose 4*x + 14 = x + 5*w, 0 = 3*x - 4*w + 16. Let b be n(x). Let h = b + 27. What is the remainder when 171 is divided by h?
39
Let f be -1 + 54 + 0/(-12). Let p = f - 49. Suppose 2*l = -6, p*l - 34 = -3*u - 10. Calculate the remainder when u is divided by 3.
0
Let o(s) be the first derivative of s**3 - 15*s**2/2 - 2*s + 7. Let c be o(4). Let y = 34 + c. Calculate the remainder when y is divided by 4.
0
Suppose -5*o + 7*o - 234 = 0. Let c = 179 - o. Let n = 82 - c. Calculate the remainder when 72 is divided by n.
12
Let f(l) = -l + 29. Let y be f(-7). Suppose m = 10*m - y. Suppose m*b - 715 = -b. What is the remainder when b is divided by 49?
45
Let l(m) = 2*m**2 - 56*m - 417. Calculate the remainder when l(-10) is divided by 17.
3
Let g(f) = -65*f - 19. 